{"id":35,"date":"2014-12-07T14:14:00","date_gmt":"2014-12-07T14:14:00","guid":{"rendered":"http:\/\/kancelaria.graphiplus.pl\/?page_id=35"},"modified":"2022-01-25T16:09:50","modified_gmt":"2022-01-25T16:09:50","slug":"w-mediach","status":"publish","type":"page","link":"http:\/\/liberadzki.eu\/?page_id=35","title":{"rendered":"W MEDIACH"},"content":{"rendered":"\n<figure class=\"wp-block-embed aligncenter is-type-video is-provider-youtube wp-block-embed-youtube wp-embed-aspect-16-9 wp-has-aspect-ratio\"><div class=\"wp-block-embed__wrapper\">\n<iframe title=\"Debata Tygodnia\" width=\"690\" height=\"388\" src=\"https:\/\/www.youtube.com\/embed\/jsB50l7PIZ0?feature=oembed\" frameborder=\"0\" allow=\"accelerometer; autoplay; clipboard-write; encrypted-media; gyroscope; picture-in-picture\" allowfullscreen><\/iframe>\n<\/div><figcaption>Moja wypowied\u017a dotycz\u0105ca Polskiego \u0141adu w programie red. Grzegorza Jankowskiego <br>w Polsat News<\/figcaption><\/figure>\n\n\n\n<figure class=\"wp-block-image size-large\"><a href=\"http:\/\/liberadzki.eu\/wp-content\/uploads\/2022\/01\/1642152076701.jpg\"><img loading=\"lazy\" width=\"1024\" height=\"1016\" src=\"http:\/\/liberadzki.eu\/wp-content\/uploads\/2022\/01\/1642152076701.jpg\" alt=\"\" class=\"wp-image-210\" srcset=\"http:\/\/liberadzki.eu\/wp-content\/uploads\/2022\/01\/1642152076701.jpg 1024w, http:\/\/liberadzki.eu\/wp-content\/uploads\/2022\/01\/1642152076701-300x298.jpg 300w, http:\/\/liberadzki.eu\/wp-content\/uploads\/2022\/01\/1642152076701-150x150.jpg 150w, http:\/\/liberadzki.eu\/wp-content\/uploads\/2022\/01\/1642152076701-768x762.jpg 768w, http:\/\/liberadzki.eu\/wp-content\/uploads\/2022\/01\/1642152076701-980x972.jpg 980w\" sizes=\"(max-width: 1024px) 100vw, 1024px\" \/><\/a><figcaption>&#8222;Rzeczpospolita&#8221;, 14.01.2022 <a href=\"https:\/\/www.rp.pl\/opinie-ekonomiczne\/art19286321-marcin-liberadzki-nieodrobiona-lekcja\">https:\/\/www.rp.pl\/opinie-ekonomiczne\/art19286321-marcin-liberadzki-nieodrobiona-lekcja<\/a><\/figcaption><\/figure>\n\n\n\n<figure class=\"wp-block-embed is-type-video is-provider-youtube wp-block-embed-youtube wp-embed-aspect-16-9 wp-has-aspect-ratio\"><div class=\"wp-block-embed__wrapper\">\n<iframe title=\"ROZMOWA: Zielone obligacje - prof. Marcin Liberadzki\" width=\"690\" height=\"388\" src=\"https:\/\/www.youtube.com\/embed\/q_69tj00q4M?feature=oembed\" frameborder=\"0\" allow=\"accelerometer; autoplay; clipboard-write; encrypted-media; gyroscope; picture-in-picture\" allowfullscreen><\/iframe>\n<\/div><\/figure>\n\n\n\n<figure class=\"wp-block-embed is-type-video is-provider-youtube wp-block-embed-youtube wp-embed-aspect-16-9 wp-has-aspect-ratio\"><div class=\"wp-block-embed__wrapper\">\n<iframe title=\"Brak \u015brodk\u00f3w europejskich oznacza, \u017ce z czego\u015b musieliby\u015bmy zrezygnowa\u0107 | Polska na dzie\u0144 dobry 4\/4\" width=\"690\" height=\"388\" src=\"https:\/\/www.youtube.com\/embed\/Z4wc3wlnR6o?feature=oembed\" frameborder=\"0\" allow=\"accelerometer; autoplay; clipboard-write; encrypted-media; gyroscope; picture-in-picture\" allowfullscreen><\/iframe>\n<\/div><\/figure>\n\n\n\n<figure class=\"wp-block-embed is-type-video is-provider-youtube wp-block-embed-youtube wp-embed-aspect-16-9 wp-has-aspect-ratio\"><div class=\"wp-block-embed__wrapper\">\n<iframe title=\"Jak d\u0142ugo inflacja b\u0119dzie si\u0119 zwi\u0119ksza\u0107, zale\u017cy od pana na Kremlu | Polska na dzie\u0144 dobry 4\/4\" width=\"690\" height=\"388\" src=\"https:\/\/www.youtube.com\/embed\/cWV5IvjHcU0?feature=oembed\" frameborder=\"0\" allow=\"accelerometer; autoplay; clipboard-write; encrypted-media; gyroscope; picture-in-picture\" allowfullscreen><\/iframe>\n<\/div><\/figure>\n\n\n\n<figure class=\"wp-block-embed is-type-video is-provider-youtube wp-block-embed-youtube wp-embed-aspect-16-9 wp-has-aspect-ratio\"><div class=\"wp-block-embed__wrapper\">\n<iframe title=\"Kredyty z zmienn\u0105 stop\u0105 procentow\u0105 mog\u0105 sko\u0144czy\u0107 si\u0119 tak samo jak franki | Polska na dzie\u0144 dobry 4\/4\" width=\"690\" height=\"388\" src=\"https:\/\/www.youtube.com\/embed\/WracHJvh980?feature=oembed\" frameborder=\"0\" allow=\"accelerometer; autoplay; clipboard-write; encrypted-media; gyroscope; picture-in-picture\" allowfullscreen><\/iframe>\n<\/div><figcaption>M\u00f3j g\u0142os w sprawie kredyt\u00f3w indeksowanych do CHF oraz ryzyka stopy procentowej<\/figcaption><\/figure>\n\n\n<p>&#8222;Dziennik Gazeta Prawna&#8221; z 16.09.2020<img loading=\"lazy\" class=\"alignnone size-medium wp-image-144\" src=\"http:\/\/liberadzki.eu\/wp-content\/uploads\/2014\/12\/DGP-16.09.2020-300x238.jpg\" alt=\"\" width=\"300\" height=\"238\" srcset=\"http:\/\/liberadzki.eu\/wp-content\/uploads\/2014\/12\/DGP-16.09.2020-300x238.jpg 300w, http:\/\/liberadzki.eu\/wp-content\/uploads\/2014\/12\/DGP-16.09.2020-768x609.jpg 768w, http:\/\/liberadzki.eu\/wp-content\/uploads\/2014\/12\/DGP-16.09.2020.jpg 951w\" sizes=\"(max-width: 300px) 100vw, 300px\" \/><\/p>\n<p><a href=\"https:\/\/www.obserwatorfinansowy.pl\/tematyka\/rynki-finansowe\/bankowosc\/polskie-banki-dobrze-przygotowane-na-skutki-pandemii\/\">https:\/\/www.obserwatorfinansowy.pl\/tematyka\/rynki-finansowe\/bankowosc\/polskie-banki-dobrze-przygotowane-na-skutki-pandemii\/<\/a><\/p>\n<p><a href=\"https:\/\/www.rp.pl\/Opinie\/200129272-Przymusowa-restrukturyzacja-bez-bail-in.html\">https:\/\/www.rp.pl\/Opinie\/200129272-Przymusowa-restrukturyzacja-bez-bail-in.html<\/a><\/p>\n<p><a href=\"https:\/\/www.ipla.tv\/Rozmowy-w-polsat-news-2-umowy-handlowe\/vod-6920537#\/r-5\">https:\/\/www.ipla.tv\/Rozmowy-w-polsat-news-2-umowy-handlowe\/vod-6920537#\/r-5<\/a><\/p>\n<p><a href=\"https:\/\/www.ipla.tv\/Rozmowy-w-polsat-news-2-spolki-skarbu-panstwa\/vod-6941549#\/r-5\">https:\/\/www.ipla.tv\/Rozmowy-w-polsat-news-2-spolki-skarbu-panstwa\/vod-6941549#\/r-5<\/a><\/p>\n<p><a href=\"https:\/\/www.ipla.tv\/Rozmowy-w-polsat-news-2-zmiany-w-cit\/vod-6803165#\/r-5\">https:\/\/www.ipla.tv\/Rozmowy-w-polsat-news-2-zmiany-w-cit\/vod-6803165#\/r-5<\/a><\/p>\n<p><a href=\"https:\/\/www.ipla.tv\/Rozmowy-w-polsat-news-2-budzet-2017\/vod-6968026#r-5\">https:\/\/www.ipla.tv\/Rozmowy-w-polsat-news-2-budzet-2017\/vod-6968026#r-5<\/a><\/p>","protected":false},"excerpt":{"rendered":"<p>&#8222;Dziennik Gazeta Prawna&#8221; z 16.09.2020 https:\/\/www.obserwatorfinansowy.pl\/tematyka\/rynki-finansowe\/bankowosc\/polskie-banki-dobrze-przygotowane-na-skutki-pandemii\/ https:\/\/www.rp.pl\/Opinie\/200129272-Przymusowa-restrukturyzacja-bez-bail-in.html https:\/\/www.ipla.tv\/Rozmowy-w-polsat-news-2-umowy-handlowe\/vod-6920537#\/r-5 https:\/\/www.ipla.tv\/Rozmowy-w-polsat-news-2-spolki-skarbu-panstwa\/vod-6941549#\/r-5 https:\/\/www.ipla.tv\/Rozmowy-w-polsat-news-2-zmiany-w-cit\/vod-6803165#\/r-5 https:\/\/www.ipla.tv\/Rozmowy-w-polsat-news-2-budzet-2017\/vod-6968026#r-5<\/p>\n","protected":false},"author":2,"featured_media":0,"parent":0,"menu_order":0,"comment_status":"open","ping_status":"open","template":"","meta":[],"_links":{"self":[{"href":"http:\/\/liberadzki.eu\/index.php?rest_route=\/wp\/v2\/pages\/35"}],"collection":[{"href":"http:\/\/liberadzki.eu\/index.php?rest_route=\/wp\/v2\/pages"}],"about":[{"href":"http:\/\/liberadzki.eu\/index.php?rest_route=\/wp\/v2\/types\/page"}],"author":[{"embeddable":true,"href":"http:\/\/liberadzki.eu\/index.php?rest_route=\/wp\/v2\/users\/2"}],"replies":[{"embeddable":true,"href":"http:\/\/liberadzki.eu\/index.php?rest_route=%2Fwp%2Fv2%2Fcomments&post=35"}],"version-history":[{"count":25,"href":"http:\/\/liberadzki.eu\/index.php?rest_route=\/wp\/v2\/pages\/35\/revisions"}],"predecessor-version":[{"id":238,"href":"http:\/\/liberadzki.eu\/index.php?rest_route=\/wp\/v2\/pages\/35\/revisions\/238"}],"wp:attachment":[{"href":"http:\/\/liberadzki.eu\/index.php?rest_route=%2Fwp%2Fv2%2Fmedia&parent=35"}],"curies":[{"name":"wp","href":"https:\/\/api.w.org\/{rel}","templated":true}]}}