{"id":30,"date":"2014-12-07T14:12:02","date_gmt":"2014-12-07T14:12:02","guid":{"rendered":"http:\/\/kancelaria.graphiplus.pl\/?page_id=30"},"modified":"2020-11-30T17:59:30","modified_gmt":"2020-11-30T17:59:30","slug":"o-nas","status":"publish","type":"page","link":"http:\/\/liberadzki.eu\/?page_id=30","title":{"rendered":"O nas"},"content":{"rendered":"<p style=\"text-align: justify;\"><strong>dr hab. Marcin Liberadzki<\/strong> Radca prawny, doktor habilitowany nauk ekonomicznych, profesor Szko\u0142y G\u0142\u00f3wnej Handlowej w Warszawie. Uko\u0144czy\u0142 studia dzienne na Wydziale Prawa i Administracji Uniwersytetu Warszawskiego. Jest r\u00f3wnie\u017c absolwentem studi\u00f3w dziennych w SGH. Studia doktoranckie odby\u0142 na SGH i tam te\u017c si\u0119 habilitowa\u0142. Zatrudniony w Instytucie Infrastruktury, Transportu i Mobilno\u015bci SGH na stanowisku profesora uczelni, prowadzi dzia\u0142alno\u015b\u0107 naukow\u0105, czego owocem s\u0105 liczne publikacje ksi\u0105\u017ckowe i w czasopismach. Jest r\u00f3wnie\u017c autorem i wsp\u00f3\u0142autorem opinii i ekspertyz dla s\u0105d\u00f3w oraz podmiot\u00f3w gospodarczych.\u00a0W\u0142ada biegle j\u0119zykiem angielskim i niemieckim.<\/p>\n<p><a href=\"http:\/\/liberadzki.eu\/wp-content\/uploads\/2017\/06\/Marcin-zdjecie.jpg\"><img loading=\"lazy\" class=\"size-medium wp-image-86 aligncenter\" src=\"http:\/\/liberadzki.eu\/wp-content\/uploads\/2017\/06\/Marcin-zdjecie-200x300.jpg\" alt=\"\" width=\"200\" height=\"300\" srcset=\"http:\/\/liberadzki.eu\/wp-content\/uploads\/2017\/06\/Marcin-zdjecie-200x300.jpg 200w, http:\/\/liberadzki.eu\/wp-content\/uploads\/2017\/06\/Marcin-zdjecie-768x1152.jpg 768w, http:\/\/liberadzki.eu\/wp-content\/uploads\/2017\/06\/Marcin-zdjecie-683x1024.jpg 683w, http:\/\/liberadzki.eu\/wp-content\/uploads\/2017\/06\/Marcin-zdjecie-980x1470.jpg 980w, http:\/\/liberadzki.eu\/wp-content\/uploads\/2017\/06\/Marcin-zdjecie.jpg 1280w\" sizes=\"(max-width: 200px) 100vw, 200px\" \/><\/a><\/p>\n","protected":false},"excerpt":{"rendered":"<p>dr hab. Marcin Liberadzki Radca prawny, doktor habilitowany nauk ekonomicznych, profesor Szko\u0142y G\u0142\u00f3wnej Handlowej w Warszawie. Uko\u0144czy\u0142 studia dzienne na Wydziale Prawa i Administracji Uniwersytetu Warszawskiego. Jest r\u00f3wnie\u017c absolwentem studi\u00f3w&#8230; <a class=\"read-more-button\" href=\"http:\/\/liberadzki.eu\/?page_id=30\">Read more &gt;<\/a><\/p>\n","protected":false},"author":2,"featured_media":0,"parent":0,"menu_order":0,"comment_status":"open","ping_status":"open","template":"","meta":[],"_links":{"self":[{"href":"http:\/\/liberadzki.eu\/index.php?rest_route=\/wp\/v2\/pages\/30"}],"collection":[{"href":"http:\/\/liberadzki.eu\/index.php?rest_route=\/wp\/v2\/pages"}],"about":[{"href":"http:\/\/liberadzki.eu\/index.php?rest_route=\/wp\/v2\/types\/page"}],"author":[{"embeddable":true,"href":"http:\/\/liberadzki.eu\/index.php?rest_route=\/wp\/v2\/users\/2"}],"replies":[{"embeddable":true,"href":"http:\/\/liberadzki.eu\/index.php?rest_route=%2Fwp%2Fv2%2Fcomments&post=30"}],"version-history":[{"count":14,"href":"http:\/\/liberadzki.eu\/index.php?rest_route=\/wp\/v2\/pages\/30\/revisions"}],"predecessor-version":[{"id":158,"href":"http:\/\/liberadzki.eu\/index.php?rest_route=\/wp\/v2\/pages\/30\/revisions\/158"}],"wp:attachment":[{"href":"http:\/\/liberadzki.eu\/index.php?rest_route=%2Fwp%2Fv2%2Fmedia&parent=30"}],"curies":[{"name":"wp","href":"https:\/\/api.w.org\/{rel}","templated":true}]}}